{"id":20961,"date":"2019-07-22T16:45:00","date_gmt":"2019-07-22T14:45:00","guid":{"rendered":"https:\/\/my-french-grocery.com\/product\/salz-aus-guerande-reflets-de-france\/"},"modified":"2019-07-22T16:45:00","modified_gmt":"2019-07-22T14:45:00","slug":"salz-aus-guerande-reflets-de-france","status":"publish","type":"product","link":"https:\/\/my-french-grocery.com\/de\/produkt\/salz-aus-guerande-reflets-de-france\/","title":{"rendered":"Salz Aus Gu\u00e9rande Reflets De France"},"content":{"rendered":"<p>Salz Aus Gu\u00e9rande Reflets De France<\/p>\n<div class=\"pdp-card__header--text\"><span class=\"ds-body-text ds-body-text--weight-bold ds-body-text--size-m ds-body-text--color-standard-2\"><span>250g Glas<\/span><\/span><\/div>\n<div class=\"main-details--food__shoppinglist\"><\/div>\n<div>\n<p><span>Zwischen der Loire und der Vilaine, im S\u00fcden der Bretagne und am Rande des Atlantischen Ozeans, erstreckt sich das riesige Feuchtgebiet der Salzwiesen von Gu\u00e9rande \u00fcber fast 2000 Hektar.\u00a0Es wird seit dem Mittelalter ausgebeutet.<\/span><\/p>\n<p><span>Bei Flut dringt das Wasser in die S\u00fcmpfe ein und verbindet sich mit den Nelken, dem letzten Erntebecken.\u00a0Unter Einwirkung von Sonne und Wind kommt es zur Kristallisation.\u00a0Dank seines &#8220;las&#8221; (ein 5 Meter langes Werkzeug) rollt der Salzarbeiter das grobe Salz in die Mitte der \u00d6se.\u00a0100 % nat\u00fcrlich, dieses Salz ist garantiert ungewaschen, unraffiniert und ohne Zus\u00e4tze.<\/span><\/p>\n<\/div>\n","protected":false},"excerpt":{"rendered":"<p>Salz Aus Gu\u00e9rande Reflets De France<\/p>\n<div class=\"pdp-card__header--text\"><span class=\"ds-body-text ds-body-text--weight-bold ds-body-text--size-m ds-body-text--color-standard-2\">250g Glas<\/span><\/div>\n","protected":false},"featured_media":20962,"comment_status":"open","ping_status":"closed","template":"","meta":[],"pwb-brand":[2319],"product_brand":[],"product_cat":[2141],"product_tag":[2595],"class_list":{"0":"post-20961","1":"product","2":"type-product","3":"status-publish","4":"has-post-thumbnail","6":"pwb-brand-reflets-de-france-de","7":"product_cat-gewurze","8":"product_tag-salz","9":"product_shipping_class-internationaler-versand","11":"first","12":"instock","13":"taxable","14":"shipping-taxable","15":"purchasable","16":"product-type-simple"},"yoast_head":"<!-- This site is optimized with the Yoast SEO plugin v27.4 - https:\/\/yoast.com\/product\/yoast-seo-wordpress\/ -->\n<title>Salz Aus Gu\u00e9rande Reflets De France | Online Kaufen | My French Grocery<\/title>\n<meta name=\"description\" content=\"Salz Aus Gu\u00e9rande Reflets De France - 250g Glas\" \/>\n<meta name=\"robots\" content=\"index, follow, max-snippet:-1, max-image-preview:large, max-video-preview:-1\" \/>\n<link rel=\"canonical\" href=\"https:\/\/my-french-grocery.com\/de\/produkt\/salz-aus-guerande-reflets-de-france\/\" \/>\n<meta property=\"og:locale\" content=\"de_DE\" \/>\n<meta property=\"og:type\" content=\"article\" \/>\n<meta property=\"og:title\" content=\"Salz Aus Gu\u00e9rande Reflets De France | Online Kaufen | My French Grocery\" \/>\n<meta property=\"og:description\" content=\"Salz Aus Gu\u00e9rande Reflets De France - 250g Glas\" \/>\n<meta property=\"og:url\" content=\"https:\/\/my-french-grocery.com\/de\/produkt\/salz-aus-guerande-reflets-de-france\/\" \/>\n<meta property=\"og:site_name\" content=\"My French Grocery\" \/>\n<meta property=\"article:publisher\" content=\"https:\/\/www.facebook.com\/myfrenchgrocery\/\" \/>\n<meta property=\"og:image\" content=\"https:\/\/my-french-grocery.com\/wp-content\/uploads\/2019\/07\/sel-saliere.jpg\" \/>\n\t<meta property=\"og:image:width\" content=\"540\" \/>\n\t<meta property=\"og:image:height\" content=\"540\" \/>\n\t<meta property=\"og:image:type\" content=\"image\/jpeg\" \/>\n<meta name=\"twitter:card\" content=\"summary_large_image\" \/>\n<meta name=\"twitter:label1\" content=\"Gesch\u00e4tzte Lesezeit\" \/>\n\t<meta name=\"twitter:data1\" content=\"1 minute\" \/>\n<script type=\"application\/ld+json\" class=\"yoast-schema-graph\">{\"@context\":\"https:\\\/\\\/schema.org\",\"@graph\":[{\"@type\":\"WebPage\",\"@id\":\"https:\\\/\\\/my-french-grocery.com\\\/de\\\/produkt\\\/salz-aus-guerande-reflets-de-france\\\/\",\"url\":\"https:\\\/\\\/my-french-grocery.com\\\/de\\\/produkt\\\/salz-aus-guerande-reflets-de-france\\\/\",\"name\":\"Salz Aus Gu\u00e9rande Reflets De France | Online Kaufen | My French Grocery\",\"isPartOf\":{\"@id\":\"https:\\\/\\\/my-french-grocery.com\\\/de\\\/#website\"},\"primaryImageOfPage\":{\"@id\":\"https:\\\/\\\/my-french-grocery.com\\\/de\\\/produkt\\\/salz-aus-guerande-reflets-de-france\\\/#primaryimage\"},\"image\":{\"@id\":\"https:\\\/\\\/my-french-grocery.com\\\/de\\\/produkt\\\/salz-aus-guerande-reflets-de-france\\\/#primaryimage\"},\"thumbnailUrl\":\"https:\\\/\\\/my-french-grocery.com\\\/wp-content\\\/uploads\\\/2019\\\/07\\\/sel-saliere.jpg\",\"datePublished\":\"2019-07-22T14:45:00+00:00\",\"description\":\"Salz Aus Gu\u00e9rande Reflets De France - 250g Glas\",\"breadcrumb\":{\"@id\":\"https:\\\/\\\/my-french-grocery.com\\\/de\\\/produkt\\\/salz-aus-guerande-reflets-de-france\\\/#breadcrumb\"},\"inLanguage\":\"de-DE\",\"potentialAction\":[{\"@type\":\"ReadAction\",\"target\":[\"https:\\\/\\\/my-french-grocery.com\\\/de\\\/produkt\\\/salz-aus-guerande-reflets-de-france\\\/\"]}]},{\"@type\":\"ImageObject\",\"inLanguage\":\"de-DE\",\"@id\":\"https:\\\/\\\/my-french-grocery.com\\\/de\\\/produkt\\\/salz-aus-guerande-reflets-de-france\\\/#primaryimage\",\"url\":\"https:\\\/\\\/my-french-grocery.com\\\/wp-content\\\/uploads\\\/2019\\\/07\\\/sel-saliere.jpg\",\"contentUrl\":\"https:\\\/\\\/my-french-grocery.com\\\/wp-content\\\/uploads\\\/2019\\\/07\\\/sel-saliere.jpg\",\"width\":540,\"height\":540,\"caption\":\"Salz Aus Gu\u00e9rande Reflets De France\"},{\"@type\":\"BreadcrumbList\",\"@id\":\"https:\\\/\\\/my-french-grocery.com\\\/de\\\/produkt\\\/salz-aus-guerande-reflets-de-france\\\/#breadcrumb\",\"itemListElement\":[{\"@type\":\"ListItem\",\"position\":1,\"name\":\"Home\",\"item\":\"https:\\\/\\\/my-french-grocery.com\\\/de\\\/shopping-seite\\\/\"},{\"@type\":\"ListItem\",\"position\":2,\"name\":\"Shop\",\"item\":\"https:\\\/\\\/my-french-grocery.com\\\/shop\\\/\"},{\"@type\":\"ListItem\",\"position\":3,\"name\":\"Gew\u00fcrze\",\"item\":\"https:\\\/\\\/my-french-grocery.com\\\/de\\\/produkt-kategorie\\\/gewurze\\\/\"},{\"@type\":\"ListItem\",\"position\":4,\"name\":\"Salz Aus Gu\u00e9rande Reflets De France\"}]},{\"@type\":\"WebSite\",\"@id\":\"https:\\\/\\\/my-french-grocery.com\\\/de\\\/#website\",\"url\":\"https:\\\/\\\/my-french-grocery.com\\\/de\\\/\",\"name\":\"My French Grocery\",\"description\":\"Your Online French Grocery  !\",\"publisher\":{\"@id\":\"https:\\\/\\\/my-french-grocery.com\\\/de\\\/#organization\"},\"potentialAction\":[{\"@type\":\"SearchAction\",\"target\":{\"@type\":\"EntryPoint\",\"urlTemplate\":\"https:\\\/\\\/my-french-grocery.com\\\/de\\\/?s={search_term_string}\"},\"query-input\":{\"@type\":\"PropertyValueSpecification\",\"valueRequired\":true,\"valueName\":\"search_term_string\"}}],\"inLanguage\":\"de-DE\"},{\"@type\":\"Organization\",\"@id\":\"https:\\\/\\\/my-french-grocery.com\\\/de\\\/#organization\",\"name\":\"MY FRENCH GROCERY\",\"url\":\"https:\\\/\\\/my-french-grocery.com\\\/de\\\/\",\"logo\":{\"@type\":\"ImageObject\",\"inLanguage\":\"de-DE\",\"@id\":\"https:\\\/\\\/my-french-grocery.com\\\/de\\\/#\\\/schema\\\/logo\\\/image\\\/\",\"url\":\"https:\\\/\\\/my-french-grocery.com\\\/wp-content\\\/uploads\\\/2021\\\/11\\\/My-French-Grocery-Online-French-Grocery.png\",\"contentUrl\":\"https:\\\/\\\/my-french-grocery.com\\\/wp-content\\\/uploads\\\/2021\\\/11\\\/My-French-Grocery-Online-French-Grocery.png\",\"width\":100,\"height\":100,\"caption\":\"MY FRENCH GROCERY\"},\"image\":{\"@id\":\"https:\\\/\\\/my-french-grocery.com\\\/de\\\/#\\\/schema\\\/logo\\\/image\\\/\"},\"sameAs\":[\"https:\\\/\\\/www.facebook.com\\\/myfrenchgrocery\\\/\"]}]}<\/script>\n<!-- \/ Yoast SEO plugin. -->","yoast_head_json":{"title":"Salz Aus Gu\u00e9rande Reflets De France | Online Kaufen | My French Grocery","description":"Salz Aus Gu\u00e9rande Reflets De France - 250g Glas","robots":{"index":"index","follow":"follow","max-snippet":"max-snippet:-1","max-image-preview":"max-image-preview:large","max-video-preview":"max-video-preview:-1"},"canonical":"https:\/\/my-french-grocery.com\/de\/produkt\/salz-aus-guerande-reflets-de-france\/","og_locale":"de_DE","og_type":"article","og_title":"Salz Aus Gu\u00e9rande Reflets De France | Online Kaufen | My French Grocery","og_description":"Salz Aus Gu\u00e9rande Reflets De France - 250g Glas","og_url":"https:\/\/my-french-grocery.com\/de\/produkt\/salz-aus-guerande-reflets-de-france\/","og_site_name":"My French Grocery","article_publisher":"https:\/\/www.facebook.com\/myfrenchgrocery\/","og_image":[{"width":540,"height":540,"url":"https:\/\/my-french-grocery.com\/wp-content\/uploads\/2019\/07\/sel-saliere.jpg","type":"image\/jpeg"}],"twitter_card":"summary_large_image","twitter_misc":{"Gesch\u00e4tzte Lesezeit":"1 minute"},"schema":{"@context":"https:\/\/schema.org","@graph":[{"@type":"WebPage","@id":"https:\/\/my-french-grocery.com\/de\/produkt\/salz-aus-guerande-reflets-de-france\/","url":"https:\/\/my-french-grocery.com\/de\/produkt\/salz-aus-guerande-reflets-de-france\/","name":"Salz Aus Gu\u00e9rande Reflets De France | Online Kaufen | My French Grocery","isPartOf":{"@id":"https:\/\/my-french-grocery.com\/de\/#website"},"primaryImageOfPage":{"@id":"https:\/\/my-french-grocery.com\/de\/produkt\/salz-aus-guerande-reflets-de-france\/#primaryimage"},"image":{"@id":"https:\/\/my-french-grocery.com\/de\/produkt\/salz-aus-guerande-reflets-de-france\/#primaryimage"},"thumbnailUrl":"https:\/\/my-french-grocery.com\/wp-content\/uploads\/2019\/07\/sel-saliere.jpg","datePublished":"2019-07-22T14:45:00+00:00","description":"Salz Aus Gu\u00e9rande Reflets De France - 250g Glas","breadcrumb":{"@id":"https:\/\/my-french-grocery.com\/de\/produkt\/salz-aus-guerande-reflets-de-france\/#breadcrumb"},"inLanguage":"de-DE","potentialAction":[{"@type":"ReadAction","target":["https:\/\/my-french-grocery.com\/de\/produkt\/salz-aus-guerande-reflets-de-france\/"]}]},{"@type":"ImageObject","inLanguage":"de-DE","@id":"https:\/\/my-french-grocery.com\/de\/produkt\/salz-aus-guerande-reflets-de-france\/#primaryimage","url":"https:\/\/my-french-grocery.com\/wp-content\/uploads\/2019\/07\/sel-saliere.jpg","contentUrl":"https:\/\/my-french-grocery.com\/wp-content\/uploads\/2019\/07\/sel-saliere.jpg","width":540,"height":540,"caption":"Salz Aus Gu\u00e9rande Reflets De France"},{"@type":"BreadcrumbList","@id":"https:\/\/my-french-grocery.com\/de\/produkt\/salz-aus-guerande-reflets-de-france\/#breadcrumb","itemListElement":[{"@type":"ListItem","position":1,"name":"Home","item":"https:\/\/my-french-grocery.com\/de\/shopping-seite\/"},{"@type":"ListItem","position":2,"name":"Shop","item":"https:\/\/my-french-grocery.com\/shop\/"},{"@type":"ListItem","position":3,"name":"Gew\u00fcrze","item":"https:\/\/my-french-grocery.com\/de\/produkt-kategorie\/gewurze\/"},{"@type":"ListItem","position":4,"name":"Salz Aus Gu\u00e9rande Reflets De France"}]},{"@type":"WebSite","@id":"https:\/\/my-french-grocery.com\/de\/#website","url":"https:\/\/my-french-grocery.com\/de\/","name":"My French Grocery","description":"Your Online French Grocery  !","publisher":{"@id":"https:\/\/my-french-grocery.com\/de\/#organization"},"potentialAction":[{"@type":"SearchAction","target":{"@type":"EntryPoint","urlTemplate":"https:\/\/my-french-grocery.com\/de\/?s={search_term_string}"},"query-input":{"@type":"PropertyValueSpecification","valueRequired":true,"valueName":"search_term_string"}}],"inLanguage":"de-DE"},{"@type":"Organization","@id":"https:\/\/my-french-grocery.com\/de\/#organization","name":"MY FRENCH GROCERY","url":"https:\/\/my-french-grocery.com\/de\/","logo":{"@type":"ImageObject","inLanguage":"de-DE","@id":"https:\/\/my-french-grocery.com\/de\/#\/schema\/logo\/image\/","url":"https:\/\/my-french-grocery.com\/wp-content\/uploads\/2021\/11\/My-French-Grocery-Online-French-Grocery.png","contentUrl":"https:\/\/my-french-grocery.com\/wp-content\/uploads\/2021\/11\/My-French-Grocery-Online-French-Grocery.png","width":100,"height":100,"caption":"MY FRENCH GROCERY"},"image":{"@id":"https:\/\/my-french-grocery.com\/de\/#\/schema\/logo\/image\/"},"sameAs":["https:\/\/www.facebook.com\/myfrenchgrocery\/"]}]}},"brands":[{"id":2319,"name":"Reflets De France","slug":"reflets-de-france-de"}],"_links":{"self":[{"href":"https:\/\/my-french-grocery.com\/de\/wp-json\/wp\/v2\/product\/20961","targetHints":{"allow":["GET"]}}],"collection":[{"href":"https:\/\/my-french-grocery.com\/de\/wp-json\/wp\/v2\/product"}],"about":[{"href":"https:\/\/my-french-grocery.com\/de\/wp-json\/wp\/v2\/types\/product"}],"replies":[{"embeddable":true,"href":"https:\/\/my-french-grocery.com\/de\/wp-json\/wp\/v2\/comments?post=20961"}],"wp:featuredmedia":[{"embeddable":true,"href":"https:\/\/my-french-grocery.com\/de\/wp-json\/wp\/v2\/media\/20962"}],"wp:attachment":[{"href":"https:\/\/my-french-grocery.com\/de\/wp-json\/wp\/v2\/media?parent=20961"}],"wp:term":[{"taxonomy":"pwb-brand","embeddable":true,"href":"https:\/\/my-french-grocery.com\/de\/wp-json\/wp\/v2\/pwb-brand?post=20961"},{"taxonomy":"product_brand","embeddable":true,"href":"https:\/\/my-french-grocery.com\/de\/wp-json\/wp\/v2\/product_brand?post=20961"},{"taxonomy":"product_cat","embeddable":true,"href":"https:\/\/my-french-grocery.com\/de\/wp-json\/wp\/v2\/product_cat?post=20961"},{"taxonomy":"product_tag","embeddable":true,"href":"https:\/\/my-french-grocery.com\/de\/wp-json\/wp\/v2\/product_tag?post=20961"}],"curies":[{"name":"wp","href":"https:\/\/api.w.org\/{rel}","templated":true}]}}

Salz Aus Guérande Reflets De France

<p>Salz Aus Guérande Reflets De France</p>
<div class="pdp-card__header--text"><span class="ds-body-text ds-body-text--weight-bold ds-body-text--size-m ds-body-text--color-standard-2"><span>250g Glas</span></span></div>
<div class="main-details--food__shoppinglist"></div>
<div>
<p><span>Zwischen der Loire und der Vilaine, im Süden der Bretagne und am Rande des Atlantischen Ozeans, erstreckt sich das riesige Feuchtgebiet der Salzwiesen von Guérande über fast 2000 Hektar. Es wird seit dem Mittelalter ausgebeutet.</span></p>
<p><span>Bei Flut dringt das Wasser in die Sümpfe ein und verbindet sich mit den Nelken, dem letzten Erntebecken. Unter Einwirkung von Sonne und Wind kommt es zur Kristallisation. Dank seines &#8220;las&#8221; (ein 5 Meter langes Werkzeug) rollt der Salzarbeiter das grobe Salz in die Mitte der Öse. 100 % natürlich, dieses Salz ist garantiert ungewaschen, unraffiniert und ohne Zusätze.</span></p>
</div>

<p>Salz Aus Guérande Reflets De France</p>
<div class="pdp-card__header--text"><span class="ds-body-text ds-body-text--weight-bold ds-body-text--size-m ds-body-text--color-standard-2">250g Glas</span></div>

<!-- This site is optimized with the Yoast SEO plugin v27.4 - https://yoast.com/product/yoast-seo-wordpress/ -->
<title>Salz Aus Guérande Reflets De France | Online Kaufen | My French Grocery</title>
<meta name="description" content="Salz Aus Guérande Reflets De France - 250g Glas" />
<meta name="robots" content="index, follow, max-snippet:-1, max-image-preview:large, max-video-preview:-1" />
<link rel="canonical" href="https://my-french-grocery.com/de/produkt/salz-aus-guerande-reflets-de-france/" />
<meta property="og:locale" content="de_DE" />
<meta property="og:type" content="article" />
<meta property="og:title" content="Salz Aus Guérande Reflets De France | Online Kaufen | My French Grocery" />
<meta property="og:description" content="Salz Aus Guérande Reflets De France - 250g Glas" />
<meta property="og:url" content="https://my-french-grocery.com/de/produkt/salz-aus-guerande-reflets-de-france/" />
<meta property="og:site_name" content="My French Grocery" />
<meta property="article:publisher" content="https://www.facebook.com/myfrenchgrocery/" />
<meta property="og:image" content="https://my-french-grocery.com/wp-content/uploads/2019/07/sel-saliere.jpg" />
	<meta property="og:image:width" content="540" />
	<meta property="og:image:height" content="540" />
	<meta property="og:image:type" content="image/jpeg" />
<meta name="twitter:card" content="summary_large_image" />
<meta name="twitter:label1" content="Geschätzte Lesezeit" />
	<meta name="twitter:data1" content="1 minute" />
<script type="application/ld+json" class="yoast-schema-graph">{"@context":"https:\/\/schema.org","@graph":[{"@type":"WebPage","@id":"https:\/\/my-french-grocery.com\/de\/produkt\/salz-aus-guerande-reflets-de-france\/","url":"https:\/\/my-french-grocery.com\/de\/produkt\/salz-aus-guerande-reflets-de-france\/","name":"Salz Aus Guérande Reflets De France | Online Kaufen | My French Grocery","isPartOf":{"@id":"https:\/\/my-french-grocery.com\/de\/#website"},"primaryImageOfPage":{"@id":"https:\/\/my-french-grocery.com\/de\/produkt\/salz-aus-guerande-reflets-de-france\/#primaryimage"},"image":{"@id":"https:\/\/my-french-grocery.com\/de\/produkt\/salz-aus-guerande-reflets-de-france\/#primaryimage"},"thumbnailUrl":"https:\/\/my-french-grocery.com\/wp-content\/uploads\/2019\/07\/sel-saliere.jpg","datePublished":"2019-07-22T14:45:00+00:00","description":"Salz Aus Guérande Reflets De France - 250g Glas","breadcrumb":{"@id":"https:\/\/my-french-grocery.com\/de\/produkt\/salz-aus-guerande-reflets-de-france\/#breadcrumb"},"inLanguage":"de-DE","potentialAction":[{"@type":"ReadAction","target":["https:\/\/my-french-grocery.com\/de\/produkt\/salz-aus-guerande-reflets-de-france\/"]}]},{"@type":"ImageObject","inLanguage":"de-DE","@id":"https:\/\/my-french-grocery.com\/de\/produkt\/salz-aus-guerande-reflets-de-france\/#primaryimage","url":"https:\/\/my-french-grocery.com\/wp-content\/uploads\/2019\/07\/sel-saliere.jpg","contentUrl":"https:\/\/my-french-grocery.com\/wp-content\/uploads\/2019\/07\/sel-saliere.jpg","width":540,"height":540,"caption":"Salz Aus Guérande Reflets De France"},{"@type":"BreadcrumbList","@id":"https:\/\/my-french-grocery.com\/de\/produkt\/salz-aus-guerande-reflets-de-france\/#breadcrumb","itemListElement":[{"@type":"ListItem","position":1,"name":"Home","item":"https:\/\/my-french-grocery.com\/de\/shopping-seite\/"},{"@type":"ListItem","position":2,"name":"Shop","item":"https:\/\/my-french-grocery.com\/shop\/"},{"@type":"ListItem","position":3,"name":"Gewürze","item":"https:\/\/my-french-grocery.com\/de\/produkt-kategorie\/gewurze\/"},{"@type":"ListItem","position":4,"name":"Salz Aus Guérande Reflets De France"}]},{"@type":"WebSite","@id":"https:\/\/my-french-grocery.com\/de\/#website","url":"https:\/\/my-french-grocery.com\/de\/","name":"My French Grocery","description":"Your Online French Grocery  !","publisher":{"@id":"https:\/\/my-french-grocery.com\/de\/#organization"},"potentialAction":[{"@type":"SearchAction","target":{"@type":"EntryPoint","urlTemplate":"https:\/\/my-french-grocery.com\/de\/?s={search_term_string}"},"query-input":{"@type":"PropertyValueSpecification","valueRequired":true,"valueName":"search_term_string"}}],"inLanguage":"de-DE"},{"@type":"Organization","@id":"https:\/\/my-french-grocery.com\/de\/#organization","name":"MY FRENCH GROCERY","url":"https:\/\/my-french-grocery.com\/de\/","logo":{"@type":"ImageObject","inLanguage":"de-DE","@id":"https:\/\/my-french-grocery.com\/de\/#\/schema\/logo\/image\/","url":"https:\/\/my-french-grocery.com\/wp-content\/uploads\/2021\/11\/My-French-Grocery-Online-French-Grocery.png","contentUrl":"https:\/\/my-french-grocery.com\/wp-content\/uploads\/2021\/11\/My-French-Grocery-Online-French-Grocery.png","width":100,"height":100,"caption":"MY FRENCH GROCERY"},"image":{"@id":"https:\/\/my-french-grocery.com\/de\/#\/schema\/logo\/image\/"},"sameAs":["https:\/\/www.facebook.com\/myfrenchgrocery\/"]}]}</script>
<!-- / Yoast SEO plugin. -->

Salz Aus Guérande Reflets De France | Online Kaufen | My French Grocery

Salz Aus Guérande Reflets De France - 250g Glas

Gewürze
